e of 25?
True
Does 79 divide 319088?
False
Does 295 divide 224790?
True
Does 7 divide 8968676?
False
Is 2222192 a multiple of 75?
False
Is 14158701 a multiple of 19?
False
Is 241 a factor of 12901972?
False
Is 315338 a multiple of 455?
False
Does 747 divide 1819429?
False
Is 28778 a multiple of 51?
False
Is 12 a factor of 34428?
True
Is 547 a factor of 11010061?
False
Is 3446784 a multiple of 16?
True
Does 92 divide 24924611?
False
Is 593167 a multiple of 197?
True
Does 22 divide 6872228?
True
Does 991 divide 5790413?
True
Is 320740 a multiple of 705?
False
Is 68 a factor of 1861747?
False
Does 118 divide 191103?
False
Does 16 divide 9779?
False
Does 877 divide 4813728?
False
Is 62 a factor of 177196?
True
Does 223 divide 2875308?
False
Is 650760 a multiple of 264?
True
Is 194557 a multiple of 465?
False
Is 774 a factor of 7741548?
True
Is 2105052 a multiple of 61?
False
Is 447453 even?
False
Is 7076586 a multiple of 16?
False
Is 572 a factor of 9579856?
True
Is 149 a factor of 44998?
True
Is 874083 a multiple of 2?
False
Is 846083 a multiple of 31?
True
Is 2664760 a multiple of 6?
False
Is 91 a factor of 1134861?
True
Does 27 divide 7917885?
True
Is 75902 a multiple of 102?
False
Does 11 divide 1479467?
True
Is 241 a factor of 221720?
True
Is 538 a factor of 7025511?
False
Does 349 divide 210796?
True
Is 27903 a multiple of 5?
False
Is 24165344 a multiple of 112?
True
Is 2234336 a multiple of 1066?
True
Is 5 a factor of 7310?
True
Is 403 a factor of 1206179?
True
Does 5 divide 266418?
False
Is 45 a factor of 461277?
False
Is 23 a factor of 1726335?
False
Does 7 divide 101790?
False
Is 2891592 a multiple of 54?
True
Does 70 divide 901803?
False
Is 5 a factor of 401569?
False
Does 41 divide 53341?
True
Is 4 a factor of 15174?
False
Does 104 divide 3951074?
False
Is 112 a factor of 46704?
True
Is 75 a factor of 329475?
True
Is 81 a factor of 280422?
True
Does 9 divide 873602?
False
Is 73 a factor of 92272?
True
Does 62 divide 167967?
False
Is 26 a factor of 5135832?
True
Is 6593105 a multiple of 471?
False
Is 365 a factor of 1370940?
True
Does 138 divide 429935?
False
Is 127268 a multiple of 211?
False
Does 11 divide 131010?
True
Is 29 a factor of 767794?
False
Is 318054 a multiple of 42?
False
Does 15 divide 60405?
True
Does 84 divide 167160?
True
Is 722922 a multiple of 82?
False
Does 18 divide 745668?
True
Is 196712 a multiple of 367?
True
Is 8 a factor of 4969?
False
Is 91 a factor of 166530?
True
Is 328002 a multiple of 394?
False
Is 174725 a multiple of 29?
True
Does 112 divide 53760?
True
Is 2781912 a multiple of 87?
True
Is 117 a factor of 527787?
True
Is 13 a factor of 91499?
False
Does 83 divide 125911?
True
Is 40 a factor of 640228?
False
Is 21 a factor of 50066?
False
Is 92639 a multiple of 7?
False
Does 45 divide 378124?
False
Does 13 divide 148448?
False
Is 8744064 a multiple of 119?
False
Is 57575 a multiple of 7?
True
Is 681304 a multiple of 589?
False
Is 68 a factor of 1476544?
False
Does 13 divide 15657988?
False
Is 229549 a multiple of 47?
False
Is 607692 a multiple of 35?
False
Is 135 a factor of 88425?
True
Does 8 divide 489360?
True
Is 189 a factor of 30607983?
True
Does 306 divide 494141?
False
Is 441 a factor of 1402571?
False
Is 9714 a multiple of 105?
False
Does 228 divide 1322477?
False
Is 569 a factor of 116076?
True
Is 143971 even?
False
Is 38624 a multiple of 16?
True
Does 48 divide 32211?
False
Is 39 a factor of 197613?
True
Is 211 a factor of 5554537?
False
Is 95 a factor of 357897?
False
Is 3011569 a multiple of 11?
True
Is 11 a factor of 94292?
True
Is 13499 a multiple of 6?
False
Is 286146 a multiple of 14?
True
Is 166 a factor of 272789?
False
Is 396794 a multiple of 19?
False
Is 1077 a factor of 1506723?
True
Is 239383 a multiple of 14?
False
Does 50 divide 501839?
False
Does 83 divide 1276941?
False
Is 407 a factor of 77902?
False
Is 10 a factor of 6647290?
True
Does 271 divide 156952?
False
Does 2328 divide 14866608?
True
Does 544 divide 1380519?
False
Is 20 a factor of 2964969?
False
Is 445294 a multiple of 887?
False
Is 459 a factor of 98226?
True
Does 276 divide 91955?
False
Is 3974576 a multiple of 53?
True
Is 26 a factor of 265850?
True
Is 26 a factor of 6645298?
False
Does 392 divide 1064280?
True
Is 12181278 a multiple of 16?
False
Does 51 divide 1452662?
False
Is 1802 a factor of 29891576?
True
Does 26 divide 580265?
False
Is 249525 a multiple of 2?
False
Is 118 a factor of 464370?
False
Is 11 a factor of 5117368?
False
Is 235 a factor of 373017?
False
Does 57 divide 17566?
False
Is 18144286 a multiple of 533?
False
Does 97 divide 10624601?
False
Is 208910 a multiple of 2?
True
Is 73 a factor of 825922?
True
Is 89019 a multiple of 20?
False
Is 2639516 a multiple of 3?
False
Is 4210844 a multiple of 909?
False
Is 2181868 a multiple of 294?
False
Is 1915960 a multiple of 950?
False
Is 1006180 a multiple of 140?
True
Is 12 a factor of 185471?
False
Is 3434740 a multiple of 796?
True
Is 733 a factor of 645773?
True
Does 145 divide 313378?
False
Does 239 divide 363331?
False
Is 278068 a multiple of 13?
False
Is 500531 a multiple of 6?
False
Is 104 a factor of 1695200?
True
Is 69 a factor of 126270?
True
Does 508 divide 742696?
True
Does 79 divide 15314150?
True
Is 971777 a multiple of 71?
True
Does 297 divide 64152?
True
Is 2820783 a multiple of 81?
False
Does 3 divide 164133?
True
Does 24 divide 481080?
True
Is 3408858 a multiple of 54?
True
Is 101728 a multiple of 68?
True
Does 15 divide 5970833?
False
Is 3937540 a multiple of 9?
False
Is 714960 a multiple of 108?
True
Is 631947 a multiple of 49?
False
Does 500 divide 558991?
False
Is 2621725 a multiple of 8?
False
Is 336 a factor of 129762?
False
Is 6 a factor of 7549608?
True
Is 235008 a multiple of 153?
True
Is 21 a factor of 157437?
True
Is 27 a factor of 91341?
True
Is 24 a factor of 1057704?
True
Is 48 a factor of 1560747?
False
Is 14747152 a multiple of 112?
True
Is 1321875 a multiple of 5?
True
Is 189786 a multiple of 6?
True
Is 11 a factor of 15956627?
False
Is 1582537 a multiple of 47?
True
Does 1411 divide 7183123?
False
Is 287 a factor of 5499755?
False
Is 1013435 a multiple of 76?
False
Does 278 divide 4110508?
True
Is 4 a factor of 63276?
True
Is 27 a factor of 1580175?
True
Does 194 divide 1420468?
True
Is 120 a factor of 159747?
False
Is 3294715 a multiple of 42?
False
Is 12760800 a multiple of 1950?
True
Is 42 a factor of 11043391?
False
Does 103 divide 139256?
True
Is 7 a factor of 166999?
True
Is 13 a factor of 1853263?
False
Is 11 a factor of 99935?
True
Is 6 a factor of 13578?
True
Is 51 a factor of 1764638?
False
Does 524 divide 142597?
False
Does 5 divide 42634?
False
Does 52 divide 711568?
True
Is 37113 a multiple of 4?
False
Does 1376 divide 788347?
False
Is 26148 a multiple of 3?
True
Is 476 a factor of 532644?
True
Is 592752 a multiple of 233?
True
Does 4 divide 681667?
False
Is 603718 a multiple of 108?
False
Is 706725 a multiple of 135?
True
Is 49 a factor of 5391715?
True
Does 103 divide 838279?
False
Does 143 divide 57343?
True
Is 16 a factor of 12811712?
True
Does 17 divide 295727?
False
Is 2130600 a multiple of 75?
True
Is 29 a factor of 9243083?
True
Does 347 divide 2512668?
False
Is 186 a factor of 509826?
True
Does 4 divide 4967?
False
Is 226 a factor of 8037690?
True
Is 683 a factor of 1385?
False
Is 92 a factor of 311034?
False
Is 22630 a multiple of 73?
True
Is 4 a factor of 47110?
False
Is 421670 a multiple of 10?
True
Does 46 divide 20056?
True
Does 17 divide 3468496?
False
Is 50724 a multiple of 9?
True
Does 44 divide 233464?
True
Does 53 divide 576081?
False
Is 195798 a multiple of 35?
False
Is 620 a multiple of 8?
False
Is 611 a factor of 188136?
False
Does 298 divide 2082006?
False
Does 129 divide 7614034?
False
Does 27 divide 2239932?
False
Does 261 divide 214542?
True
Does 9 divide 12444?
False
Is 417354 a multiple of 19?
True
Does 35 divide 3089002?
False
Is 18 a factor of 38726?
False
Is 198 a factor of 929016?
True
Does 88 divide 103928?
True
Is 174078 a multiple of 2?
True
Does 137 divide 231256?
True
Is 329 a factor of 697480?
True
Is 346 a factor of 4544710?
True
Is 977253 a multiple of 143?
False
Is 21 a factor of 208885?
False
Is 81422 a multiple of 11?
True
Is 59086 a multiple of 23?
False
Is